d 472.
59
What is the highest common divisor of 274 and 7261?
137
What is the greatest common factor of 105 and 237?
3
Calculate the highest common divisor of 2840 and 213.
71
What is the highest common factor of 28 and 100?
4
What is the highest common factor of 39 and 3?
3
Calculate the greatest common divisor of 4 and 196.
4
What is the greatest common divisor of 8 and 9296?
8
Calculate the highest common factor of 136 and 51.
17
What is the greatest common factor of 445 and 10?
5
What is the highest common divisor of 3090 and 30?
30
Calculate the highest common factor of 300 and 192.
12
What is the greatest common factor of 3758 and 2?
2
What is the greatest common divisor of 483 and 7?
7
What is the highest common divisor of 78 and 66?
6
Calculate the greatest common divisor of 425 and 255.
85
Calculate the highest common factor of 9078 and 89.
89
Calculate the highest common divisor of 20 and 30.
10
Calculate the highest common divisor of 6 and 6.
6
What is the greatest common divisor of 12561 and 477?
159
What is the highest common factor of 84 and 1596?
84
Calculate the greatest common divisor of 1443 and 117.
39
What is the greatest common factor of 30 and 105?
15
Calculate the greatest common divisor of 11 and 23419.
11
What is the highest common factor of 387 and 45?
9
Calculate the greatest common divisor of 517 and 188.
47
What is the greatest common divisor of 2900 and 348?
116
Calculate the greatest common factor of 63625 and 125.
125
Calculate the greatest common factor of 288 and 32.
32
What is the highest common factor of 36 and 3092?
4
What is the highest common divisor of 150 and 75?
75
Calculate the highest common factor of 54 and 42.
6
What is the highest common factor of 2074 and 272?
34
What is the highest common divisor of 1968 and 72?
24
What is the highest common divisor of 119 and 3859?
17
What is the highest common factor of 9485 and 21?
7
Calculate the highest common factor of 368 and 23.
23
What is the highest common divisor of 15 and 705?
15
Calculate the greatest common factor of 11832 and 272.
136
Calculate the highest common factor of 988 and 156.
52
Calculate the greatest common divisor of 384 and 2400.
96
What is the highest common factor of 416 and 221?
13
Calculate the greatest common divisor of 296 and 74.
74
What is the highest common divisor of 14 and 217?
7
What is the greatest common divisor of 23681 and 398?
199
Calculate the highest common divisor of 45 and 135.
45
Calculate the greatest common divisor of 225 and 20.
5
What is the highest common divisor of 13 and 533?
13
What is the highest common divisor of 328 and 11972?
164
What is the highest common divisor of 416 and 520?
104
Calculate the highest common factor of 31552 and 8.
8
What is the greatest common divisor of 3197 and 23?
23
Calculate the greatest common factor of 1026 and 8.
2
What is the highest common factor of 1072 and 64?
16
Calculate the highest common divisor of 8170 and 380.
190
Calculate the greatest common divisor of 338 and 689.
13
What is the highest common factor of 8 and 22328?
8
What is the highest common divisor of 23 and 2369?
23
Calculate the highest common factor of 57 and 513.
57
Calculate the greatest common divisor of 4 and 2308.
4
Calculate the greatest common divisor of 24 and 1014.
6
What is the greatest common factor of 1824 and 16?
16
Calculate the greatest common divisor of 22 and 2882.
22
Calculate the highest common divisor of 294 and 238.
14
What is the highest common divisor of 3168 and 55?
11
What is the highest common factor of 60 and 16?
4
What is the greatest common divisor of 24 and 372?
12
What is the highest common factor of 1764 and 36?
36
What is the greatest common divisor of 394 and 8?
2
Calculate the highest common divisor of 56 and 15568.
56
Calculate the greatest common divisor of 27 and 297.
27
Calculate the highest common divisor of 649 and 33.
11
Calculate the greatest common divisor of 6 and 114.
6
Calculate the highest common factor of 88 and 253.
11
What is the highest common divisor of 26 and 4?
2
Calculate the greatest common divisor of 7 and 1169.
7
Calculate the highest common divisor of 525 and 1995.
105
Calculate the greatest common divisor of 64 and 40.
8
What is the greatest common divisor of 34 and 1343?
17
Calculate the greatest common factor of 91 and 351.
13
What is the greatest common factor of 126 and 1071?
63
Calculate the highest common factor of 750 and 3390.
30
What is the highest common factor of 1456 and 32?
16
Calculate the highest common divisor of 76 and 171.
19
Calculate the greatest common factor of 60 and 12.
12
Calculate the highest common factor of 351 and 54.
27
What is the greatest common factor of 40 and 360?
40
Calculate the highest common factor of 240 and 48.
48
What is the greatest common divisor of 368 and 32?
16
What is the highest common divisor of 658 and 77?
7
What is the greatest common factor of 56 and 259?
7
What is the highest common factor of 550 and 286?
22
Calculate the highest common factor of 7407 and 18.
9
What is the greatest common divisor of 44 and 33?
11
Calculate the highest common divisor of 22 and 17468.
22
Calculate the greatest common factor of 53125 and 85.
85
What is the highest common factor of 332 and 1411?
83
What is the greatest common factor of 264 and 420?
12
Calculate the greatest common divisor of 66 and 704.
22
Calculate the greatest common divisor of 18 and 96.
6
What is the highest common factor of 126 and 28?
14
Calculate the greatest common divisor of 78 and 2262.
78
Calculate the highest common divisor of 22662 and 54.
18
What is the highest common divisor of 222 and 2738?
74
Calculate the greatest common divisor of 89 and 5696.
89
Calculate the highest common factor of 544 and 16.
16
Calculate the greatest common divisor of 112 and 1232.
112
What is the greatest common factor of 8 and 5?
1
What is the greatest common divisor of 792 and 9?
9
Calculate the highest common factor of 124 and 217.
31
Calculate the highest common factor of 20 and 1130.
10
Calculate the highest common divisor of 323 and 912.
19
Calculate the greatest common divisor of 121 and 22.
11
Calculate the highest common factor of 155 and 217.
31
What is the highest common factor of 468 and 3042?
234
What is the greatest common factor of 123 and 82?
41
Calculate the greatest common divisor of 1376 and 32.
32
What is the greatest common factor of 20 and 245?
5
Calculate the greatest common divisor of 1430 and 4862.
286
What is the highest common divisor of 252 and 140?
28
Calculate the greatest common factor of 114 and 888.
6
Calculate the highest common factor of 551 and 19.
19
What is the highest common factor of 7 and 24241?
7
What is the greatest common divisor of 27 and 4077?
27
What is the greatest common divisor of 1544 and 579?
193
Calculate the greatest common factor of 324 and 24.
12
What is the highest common divisor of 142 and 1917?
71
Calculate the greatest common divisor of 3 and 1587.
3
Calculate the highest common factor of 16 and 1384.
8
What is the greatest common factor of 14 and 42?
14
What is the highest common factor of 30 and 720?
30
Calculate the greatest common factor of 16 and 204.
4
What is the greatest common divisor of 4526 and 876?
146
Calculate the highest common divisor of 52 and 598.
26
Calculate the highest common factor of 2 and 14.
2
Calculate the highest common divisor of 12 and 168.
12
What is the highest common factor of 1760 and 256?
32
Calculate the greatest common divisor of 66 and 14982.
66
What is the greatest common factor of 15 and 6?
3
What is the greatest common factor of 1448 and 32?
8
Calculate the highest common divisor of 87 and 21.
3
What is the greatest common factor of 5451 and 3792?
237
What is the highest common divisor of 3368 and 8?
8
What is the highest common divisor of 36495 and 90?
45
What is the greatest common factor of 1161 and 54?
27
What is the greatest common divisor of 720 and 255?
15
What is the highest common factor of 24 and 1836?
12
What is the highest common factor of 241 and 2?
1
Calculate the greatest common factor of 12 and 1644.
12
Calculate the greatest common divisor of 108 and 180.
36
Calculate the greatest common divisor of 3293 and 37.
37
Calculate the highe